{"id":711,"date":"2024-02-25T23:57:27","date_gmt":"2024-02-25T22:57:27","guid":{"rendered":"https:\/\/viguier.cloud\/?post_type=publication&#038;p=711"},"modified":"2024-02-26T00:34:13","modified_gmt":"2024-02-25T23:34:13","slug":"muse-et-le-quartier-de-lamphitheatre","status":"publish","type":"publication","link":"https:\/\/viguier.com\/fr\/actualites\/publications\/muse-et-le-quartier-de-lamphitheatre\/","title":{"rendered":"Muse et le quartier de l\u2019Amphith\u00e9\u00e2tre"},"content":{"rendered":"\n<figure class=\"wp-block-image size-large\"><img loading=\"lazy\" decoding=\"async\" width=\"1121\" height=\"1200\" src=\"https:\/\/viguier.cloud\/wp-content\/uploads\/2024\/02\/viguier_publication2-1121x1200.jpg\" alt=\"\" class=\"wp-image-712\" srcset=\"https:\/\/viguier.com\/wp-content\/uploads\/2024\/02\/viguier_publication2-1121x1200.jpg 1121w, https:\/\/viguier.com\/wp-content\/uploads\/2024\/02\/viguier_publication2-841x900.jpg 841w, https:\/\/viguier.com\/wp-content\/uploads\/2024\/02\/viguier_publication2-768x822.jpg 768w, https:\/\/viguier.com\/wp-content\/uploads\/2024\/02\/viguier_publication2.jpg 1200w\" sizes=\"auto, (max-width: 1121px) 100vw, 1121px\" \/><\/figure>\n\n\n\n<div style=\"height:30px\" aria-hidden=\"true\" class=\"wp-block-spacer\"><\/div>\n\n\n\n<p>Dans un ouvrage qui croise t\u00e9moignages, analyses et illustrations, les \u00e9ditions Archibooks reviennent sur la conception de ce projet audacieux, m\u00ealant architecture, urbanisme, commerce, art et cr\u00e9ation, et sur la gen\u00e8se d&rsquo;un quartier exemplaire qui accueille aussi le Centre Pompidou-Metz et bient\u00f4t le Centre de Congr\u00e8s Robert Schuman et la Maison Heler Metz (1er h\u00f4tel sign\u00e9 Philippe Starck).<\/p>\n","protected":false},"featured_media":712,"template":"","class_list":["post-711","publication","type-publication","status-publish","has-post-thumbnail","hentry"],"acf":[],"yoast_head":"<!-- This site is optimized with the Yoast SEO plugin v27.5 - https:\/\/yoast.com\/product\/yoast-seo-wordpress\/ -->\n<title>Muse et le quartier de l\u2019Amphith\u00e9\u00e2tre - VIGUIER<\/title>\n<meta name=\"robots\" content=\"index, follow, max-snippet:-1, max-image-preview:large, max-video-preview:-1\" \/>\n<link rel=\"canonical\" href=\"https:\/\/viguier.com\/fr\/actualites\/publications\/muse-et-le-quartier-de-lamphitheatre\/\" \/>\n<meta property=\"og:locale\" content=\"fr_FR\" \/>\n<meta property=\"og:type\" content=\"article\" \/>\n<meta property=\"og:title\" content=\"Muse et le quartier de l\u2019Amphith\u00e9\u00e2tre - VIGUIER\" \/>\n<meta property=\"og:description\" content=\"Dans un ouvrage qui croise t\u00e9moignages, analyses et illustrations, les \u00e9ditions Archibooks reviennent sur la conception de ce projet audacieux, m\u00ealant architecture, urbanisme, commerce, art et cr\u00e9ation, et sur la gen\u00e8se d&rsquo;un quartier exemplaire qui accueille aussi le Centre Pompidou-Metz et bient\u00f4t le Centre de Congr\u00e8s Robert Schuman et la Maison Heler Metz (1er h\u00f4tel [&hellip;]\" \/>\n<meta property=\"og:url\" content=\"https:\/\/viguier.com\/fr\/actualites\/publications\/muse-et-le-quartier-de-lamphitheatre\/\" \/>\n<meta property=\"og:site_name\" content=\"VIGUIER\" \/>\n<meta property=\"article:modified_time\" content=\"2024-02-25T23:34:13+00:00\" \/>\n<meta property=\"og:image\" content=\"https:\/\/viguier.com\/wp-content\/uploads\/2024\/02\/viguier_publication2.jpg\" \/>\n\t<meta property=\"og:image:width\" content=\"1200\" \/>\n\t<meta property=\"og:image:height\" content=\"1284\" \/>\n\t<meta property=\"og:image:type\" content=\"image\/jpeg\" \/>\n<meta name=\"twitter:card\" content=\"summary_large_image\" \/>\n<script type=\"application\/ld+json\" class=\"yoast-schema-graph\">{\"@context\":\"https:\\\/\\\/schema.org\",\"@graph\":[{\"@type\":\"WebPage\",\"@id\":\"https:\\\/\\\/viguier.com\\\/fr\\\/actualites\\\/publications\\\/muse-et-le-quartier-de-lamphitheatre\\\/\",\"url\":\"https:\\\/\\\/viguier.com\\\/fr\\\/actualites\\\/publications\\\/muse-et-le-quartier-de-lamphitheatre\\\/\",\"name\":\"Muse et le quartier de l\u2019Amphith\u00e9\u00e2tre - VIGUIER\",\"isPartOf\":{\"@id\":\"https:\\\/\\\/viguier.com\\\/fr\\\/#website\"},\"primaryImageOfPage\":{\"@id\":\"https:\\\/\\\/viguier.com\\\/fr\\\/actualites\\\/publications\\\/muse-et-le-quartier-de-lamphitheatre\\\/#primaryimage\"},\"image\":{\"@id\":\"https:\\\/\\\/viguier.com\\\/fr\\\/actualites\\\/publications\\\/muse-et-le-quartier-de-lamphitheatre\\\/#primaryimage\"},\"thumbnailUrl\":\"https:\\\/\\\/viguier.com\\\/wp-content\\\/uploads\\\/2024\\\/02\\\/viguier_publication2.jpg\",\"datePublished\":\"2024-02-25T22:57:27+00:00\",\"dateModified\":\"2024-02-25T23:34:13+00:00\",\"breadcrumb\":{\"@id\":\"https:\\\/\\\/viguier.com\\\/fr\\\/actualites\\\/publications\\\/muse-et-le-quartier-de-lamphitheatre\\\/#breadcrumb\"},\"inLanguage\":\"fr-FR\",\"potentialAction\":[{\"@type\":\"ReadAction\",\"target\":[\"https:\\\/\\\/viguier.com\\\/fr\\\/actualites\\\/publications\\\/muse-et-le-quartier-de-lamphitheatre\\\/\"]}]},{\"@type\":\"ImageObject\",\"inLanguage\":\"fr-FR\",\"@id\":\"https:\\\/\\\/viguier.com\\\/fr\\\/actualites\\\/publications\\\/muse-et-le-quartier-de-lamphitheatre\\\/#primaryimage\",\"url\":\"https:\\\/\\\/viguier.com\\\/wp-content\\\/uploads\\\/2024\\\/02\\\/viguier_publication2.jpg\",\"contentUrl\":\"https:\\\/\\\/viguier.com\\\/wp-content\\\/uploads\\\/2024\\\/02\\\/viguier_publication2.jpg\",\"width\":1200,\"height\":1284},{\"@type\":\"BreadcrumbList\",\"@id\":\"https:\\\/\\\/viguier.com\\\/fr\\\/actualites\\\/publications\\\/muse-et-le-quartier-de-lamphitheatre\\\/#breadcrumb\",\"itemListElement\":[{\"@type\":\"ListItem\",\"position\":1,\"name\":\"Accueil\",\"item\":\"https:\\\/\\\/viguier.com\\\/fr\\\/\"},{\"@type\":\"ListItem\",\"position\":2,\"name\":\"Muse et le quartier de l\u2019Amphith\u00e9\u00e2tre\"}]},{\"@type\":\"WebSite\",\"@id\":\"https:\\\/\\\/viguier.com\\\/fr\\\/#website\",\"url\":\"https:\\\/\\\/viguier.com\\\/fr\\\/\",\"name\":\"Viguier\",\"description\":\"Architecture, urbanisme, paysage\",\"alternateName\":\"Viguier\",\"potentialAction\":[{\"@type\":\"SearchAction\",\"target\":{\"@type\":\"EntryPoint\",\"urlTemplate\":\"https:\\\/\\\/viguier.com\\\/fr\\\/?s={search_term_string}\"},\"query-input\":{\"@type\":\"PropertyValueSpecification\",\"valueRequired\":true,\"valueName\":\"search_term_string\"}}],\"inLanguage\":\"fr-FR\"}]}<\/script>\n<!-- \/ Yoast SEO plugin. -->","yoast_head_json":{"title":"Muse et le quartier de l\u2019Amphith\u00e9\u00e2tre - VIGUIER","robots":{"index":"index","follow":"follow","max-snippet":"max-snippet:-1","max-image-preview":"max-image-preview:large","max-video-preview":"max-video-preview:-1"},"canonical":"https:\/\/viguier.com\/fr\/actualites\/publications\/muse-et-le-quartier-de-lamphitheatre\/","og_locale":"fr_FR","og_type":"article","og_title":"Muse et le quartier de l\u2019Amphith\u00e9\u00e2tre - VIGUIER","og_description":"Dans un ouvrage qui croise t\u00e9moignages, analyses et illustrations, les \u00e9ditions Archibooks reviennent sur la conception de ce projet audacieux, m\u00ealant architecture, urbanisme, commerce, art et cr\u00e9ation, et sur la gen\u00e8se d&rsquo;un quartier exemplaire qui accueille aussi le Centre Pompidou-Metz et bient\u00f4t le Centre de Congr\u00e8s Robert Schuman et la Maison Heler Metz (1er h\u00f4tel [&hellip;]","og_url":"https:\/\/viguier.com\/fr\/actualites\/publications\/muse-et-le-quartier-de-lamphitheatre\/","og_site_name":"VIGUIER","article_modified_time":"2024-02-25T23:34:13+00:00","og_image":[{"width":1200,"height":1284,"url":"https:\/\/viguier.com\/wp-content\/uploads\/2024\/02\/viguier_publication2.jpg","type":"image\/jpeg"}],"twitter_card":"summary_large_image","schema":{"@context":"https:\/\/schema.org","@graph":[{"@type":"WebPage","@id":"https:\/\/viguier.com\/fr\/actualites\/publications\/muse-et-le-quartier-de-lamphitheatre\/","url":"https:\/\/viguier.com\/fr\/actualites\/publications\/muse-et-le-quartier-de-lamphitheatre\/","name":"Muse et le quartier de l\u2019Amphith\u00e9\u00e2tre - VIGUIER","isPartOf":{"@id":"https:\/\/viguier.com\/fr\/#website"},"primaryImageOfPage":{"@id":"https:\/\/viguier.com\/fr\/actualites\/publications\/muse-et-le-quartier-de-lamphitheatre\/#primaryimage"},"image":{"@id":"https:\/\/viguier.com\/fr\/actualites\/publications\/muse-et-le-quartier-de-lamphitheatre\/#primaryimage"},"thumbnailUrl":"https:\/\/viguier.com\/wp-content\/uploads\/2024\/02\/viguier_publication2.jpg","datePublished":"2024-02-25T22:57:27+00:00","dateModified":"2024-02-25T23:34:13+00:00","breadcrumb":{"@id":"https:\/\/viguier.com\/fr\/actualites\/publications\/muse-et-le-quartier-de-lamphitheatre\/#breadcrumb"},"inLanguage":"fr-FR","potentialAction":[{"@type":"ReadAction","target":["https:\/\/viguier.com\/fr\/actualites\/publications\/muse-et-le-quartier-de-lamphitheatre\/"]}]},{"@type":"ImageObject","inLanguage":"fr-FR","@id":"https:\/\/viguier.com\/fr\/actualites\/publications\/muse-et-le-quartier-de-lamphitheatre\/#primaryimage","url":"https:\/\/viguier.com\/wp-content\/uploads\/2024\/02\/viguier_publication2.jpg","contentUrl":"https:\/\/viguier.com\/wp-content\/uploads\/2024\/02\/viguier_publication2.jpg","width":1200,"height":1284},{"@type":"BreadcrumbList","@id":"https:\/\/viguier.com\/fr\/actualites\/publications\/muse-et-le-quartier-de-lamphitheatre\/#breadcrumb","itemListElement":[{"@type":"ListItem","position":1,"name":"Accueil","item":"https:\/\/viguier.com\/fr\/"},{"@type":"ListItem","position":2,"name":"Muse et le quartier de l\u2019Amphith\u00e9\u00e2tre"}]},{"@type":"WebSite","@id":"https:\/\/viguier.com\/fr\/#website","url":"https:\/\/viguier.com\/fr\/","name":"Viguier","description":"Architecture, urbanisme, paysage","alternateName":"Viguier","potentialAction":[{"@type":"SearchAction","target":{"@type":"EntryPoint","urlTemplate":"https:\/\/viguier.com\/fr\/?s={search_term_string}"},"query-input":{"@type":"PropertyValueSpecification","valueRequired":true,"valueName":"search_term_string"}}],"inLanguage":"fr-FR"}]}},"_links":{"self":[{"href":"https:\/\/viguier.com\/fr\/wp-json\/wp\/v2\/publication\/711","targetHints":{"allow":["GET"]}}],"collection":[{"href":"https:\/\/viguier.com\/fr\/wp-json\/wp\/v2\/publication"}],"about":[{"href":"https:\/\/viguier.com\/fr\/wp-json\/wp\/v2\/types\/publication"}],"wp:featuredmedia":[{"embeddable":true,"href":"https:\/\/viguier.com\/fr\/wp-json\/wp\/v2\/media\/712"}],"wp:attachment":[{"href":"https:\/\/viguier.com\/fr\/wp-json\/wp\/v2\/media?parent=711"}],"curies":[{"name":"wp","href":"https:\/\/api.w.org\/{rel}","templated":true}]}}

Muse et le quartier de l’Amphithéâtre

<figure class="wp-block-image size-large"><img loading="lazy" decoding="async" width="1121" height="1200" src="https://viguier.cloud/wp-content/uploads/2024/02/viguier_publication2-1121x1200.jpg" alt="" class="wp-image-712" srcset="https://viguier.com/wp-content/uploads/2024/02/viguier_publication2-1121x1200.jpg 1121w, https://viguier.com/wp-content/uploads/2024/02/viguier_publication2-841x900.jpg 841w, https://viguier.com/wp-content/uploads/2024/02/viguier_publication2-768x822.jpg 768w, https://viguier.com/wp-content/uploads/2024/02/viguier_publication2.jpg 1200w" sizes="auto, (max-width: 1121px) 100vw, 1121px" /></figure>



<div style="height:30px" aria-hidden="true" class="wp-block-spacer"></div>



<p>Dans un ouvrage qui croise témoignages, analyses et illustrations, les éditions Archibooks reviennent sur la conception de ce projet audacieux, mêlant architecture, urbanisme, commerce, art et création, et sur la genèse d&rsquo;un quartier exemplaire qui accueille aussi le Centre Pompidou-Metz et bientôt le Centre de Congrès Robert Schuman et la Maison Heler Metz (1er hôtel signé Philippe Starck).</p>

<!-- This site is optimized with the Yoast SEO plugin v27.5 - https://yoast.com/product/yoast-seo-wordpress/ -->
<title>Muse et le quartier de l’Amphithéâtre - VIGUIER</title>
<meta name="robots" content="index, follow, max-snippet:-1, max-image-preview:large, max-video-preview:-1" />
<link rel="canonical" href="https://viguier.com/fr/actualites/publications/muse-et-le-quartier-de-lamphitheatre/" />
<meta property="og:locale" content="fr_FR" />
<meta property="og:type" content="article" />
<meta property="og:title" content="Muse et le quartier de l’Amphithéâtre - VIGUIER" />
<meta property="og:description" content="Dans un ouvrage qui croise témoignages, analyses et illustrations, les éditions Archibooks reviennent sur la conception de ce projet audacieux, mêlant architecture, urbanisme, commerce, art et création, et sur la genèse d&rsquo;un quartier exemplaire qui accueille aussi le Centre Pompidou-Metz et bientôt le Centre de Congrès Robert Schuman et la Maison Heler Metz (1er hôtel [&hellip;]" />
<meta property="og:url" content="https://viguier.com/fr/actualites/publications/muse-et-le-quartier-de-lamphitheatre/" />
<meta property="og:site_name" content="VIGUIER" />
<meta property="article:modified_time" content="2024-02-25T23:34:13+00:00" />
<meta property="og:image" content="https://viguier.com/wp-content/uploads/2024/02/viguier_publication2.jpg" />
	<meta property="og:image:width" content="1200" />
	<meta property="og:image:height" content="1284" />
	<meta property="og:image:type" content="image/jpeg" />
<meta name="twitter:card" content="summary_large_image" />
<script type="application/ld+json" class="yoast-schema-graph">{"@context":"https:\/\/schema.org","@graph":[{"@type":"WebPage","@id":"https:\/\/viguier.com\/fr\/actualites\/publications\/muse-et-le-quartier-de-lamphitheatre\/","url":"https:\/\/viguier.com\/fr\/actualites\/publications\/muse-et-le-quartier-de-lamphitheatre\/","name":"Muse et le quartier de l’Amphithéâtre - VIGUIER","isPartOf":{"@id":"https:\/\/viguier.com\/fr\/#website"},"primaryImageOfPage":{"@id":"https:\/\/viguier.com\/fr\/actualites\/publications\/muse-et-le-quartier-de-lamphitheatre\/#primaryimage"},"image":{"@id":"https:\/\/viguier.com\/fr\/actualites\/publications\/muse-et-le-quartier-de-lamphitheatre\/#primaryimage"},"thumbnailUrl":"https:\/\/viguier.com\/wp-content\/uploads\/2024\/02\/viguier_publication2.jpg","datePublished":"2024-02-25T22:57:27+00:00","dateModified":"2024-02-25T23:34:13+00:00","breadcrumb":{"@id":"https:\/\/viguier.com\/fr\/actualites\/publications\/muse-et-le-quartier-de-lamphitheatre\/#breadcrumb"},"inLanguage":"fr-FR","potentialAction":[{"@type":"ReadAction","target":["https:\/\/viguier.com\/fr\/actualites\/publications\/muse-et-le-quartier-de-lamphitheatre\/"]}]},{"@type":"ImageObject","inLanguage":"fr-FR","@id":"https:\/\/viguier.com\/fr\/actualites\/publications\/muse-et-le-quartier-de-lamphitheatre\/#primaryimage","url":"https:\/\/viguier.com\/wp-content\/uploads\/2024\/02\/viguier_publication2.jpg","contentUrl":"https:\/\/viguier.com\/wp-content\/uploads\/2024\/02\/viguier_publication2.jpg","width":1200,"height":1284},{"@type":"BreadcrumbList","@id":"https:\/\/viguier.com\/fr\/actualites\/publications\/muse-et-le-quartier-de-lamphitheatre\/#breadcrumb","itemListElement":[{"@type":"ListItem","position":1,"name":"Accueil","item":"https:\/\/viguier.com\/fr\/"},{"@type":"ListItem","position":2,"name":"Muse et le quartier de l’Amphithéâtre"}]},{"@type":"WebSite","@id":"https:\/\/viguier.com\/fr\/#website","url":"https:\/\/viguier.com\/fr\/","name":"Viguier","description":"Architecture, urbanisme, paysage","alternateName":"Viguier","potentialAction":[{"@type":"SearchAction","target":{"@type":"EntryPoint","urlTemplate":"https:\/\/viguier.com\/fr\/?s={search_term_string}"},"query-input":{"@type":"PropertyValueSpecification","valueRequired":true,"valueName":"search_term_string"}}],"inLanguage":"fr-FR"}]}</script>
<!-- / Yoast SEO plugin. -->

Muse et le quartier de l’Amphithéâtre - VIGUIER

Dans un ouvrage qui croise témoignages, analyses et illustrations, les éditions Archibooks reviennent sur la conception de ce projet audacieux, mêlant architecture, urbanisme, commerce, art et création, et sur la genèse d&rsquo;un quartier exemplaire qui accueille aussi le Centre Pompidou-Metz et bientôt le Centre de Congrès Robert Schuman et la Maison Heler Metz (1er hôtel [&hellip;]
