{"id":722,"date":"2024-02-26T00:38:51","date_gmt":"2024-02-25T23:38:51","guid":{"rendered":"https:\/\/viguier.cloud\/?post_type=publication&#038;p=722"},"modified":"2024-02-26T00:43:19","modified_gmt":"2024-02-25T23:43:19","slug":"campus-sfr","status":"publish","type":"publication","link":"https:\/\/viguier.com\/fr\/actualites\/publications\/campus-sfr\/","title":{"rendered":"Campus SFR"},"content":{"rendered":"\n<figure class=\"wp-block-image size-full\"><img loading=\"lazy\" decoding=\"async\" width=\"600\" height=\"925\" src=\"https:\/\/viguier.cloud\/wp-content\/uploads\/2024\/02\/viguier_publication4.jpg\" alt=\"\" class=\"wp-image-723\" srcset=\"https:\/\/viguier.com\/wp-content\/uploads\/2024\/02\/viguier_publication4.jpg 600w, https:\/\/viguier.com\/wp-content\/uploads\/2024\/02\/viguier_publication4-584x900.jpg 584w\" sizes=\"auto, (max-width: 600px) 100vw, 600px\" \/><\/figure>\n\n\n\n<div style=\"height:30px\" aria-hidden=\"true\" class=\"wp-block-spacer\"><\/div>\n\n\n\n<p>Le groupe SFR s&rsquo;est lanc\u00e9 dans un projet ambitieux et prometteur en 2010: l&rsquo;\u00e9laboration d&rsquo;un nouveau campus pour la famille SFR qui ne cesse de s&rsquo;accro\u00eetre depuis la fusion des diff\u00e9rents sites. L&rsquo;entreprise a confi\u00e9 cette t\u00e2che \u00e0 l&rsquo;architecte reconnu Jean-Paul Viguier qui a con\u00e7u un v\u00e9ritable Yggdrasil pour les salari\u00e9s : cette infrastructure offre un cadre de vie \u00e9d\u00e9nique \u00e0 ses employ\u00e9s sans tomber dans le luxe ind\u00e9cent.<\/p>\n\n\n\n<p>Plac\u00e9 en plein centre du quartier Landy-France \u00e0 Saint-Denis \u00e0 proximit\u00e9 des autoroutes A1 et A86, et non loin de la gare, ce complexe procure une facilit\u00e9 d&rsquo;acc\u00e8s ind\u00e9niable. Ce terrain d&rsquo;envergure cyclop\u00e9enne avec ses 4 hectares allie simplicit\u00e9 et modernit\u00e9 en gardant un aspect naturel et lumineux.<\/p>\n","protected":false},"featured_media":723,"template":"","class_list":["post-722","publication","type-publication","status-publish","has-post-thumbnail","hentry"],"acf":[],"yoast_head":"<!-- This site is optimized with the Yoast SEO plugin v27.5 - https:\/\/yoast.com\/product\/yoast-seo-wordpress\/ -->\n<title>Campus SFR - VIGUIER<\/title>\n<meta name=\"robots\" content=\"index, follow, max-snippet:-1, max-image-preview:large, max-video-preview:-1\" \/>\n<link rel=\"canonical\" href=\"https:\/\/viguier.com\/fr\/actualites\/publications\/campus-sfr\/\" \/>\n<meta property=\"og:locale\" content=\"fr_FR\" \/>\n<meta property=\"og:type\" content=\"article\" \/>\n<meta property=\"og:title\" content=\"Campus SFR - VIGUIER\" \/>\n<meta property=\"og:description\" content=\"Le groupe SFR s&rsquo;est lanc\u00e9 dans un projet ambitieux et prometteur en 2010: l&rsquo;\u00e9laboration d&rsquo;un nouveau campus pour la famille SFR qui ne cesse de s&rsquo;accro\u00eetre depuis la fusion des diff\u00e9rents sites. L&rsquo;entreprise a confi\u00e9 cette t\u00e2che \u00e0 l&rsquo;architecte reconnu Jean-Paul Viguier qui a con\u00e7u un v\u00e9ritable Yggdrasil pour les salari\u00e9s : cette infrastructure offre [&hellip;]\" \/>\n<meta property=\"og:url\" content=\"https:\/\/viguier.com\/fr\/actualites\/publications\/campus-sfr\/\" \/>\n<meta property=\"og:site_name\" content=\"VIGUIER\" \/>\n<meta property=\"article:modified_time\" content=\"2024-02-25T23:43:19+00:00\" \/>\n<meta property=\"og:image\" content=\"https:\/\/viguier.com\/wp-content\/uploads\/2024\/02\/viguier_publication4.jpg\" \/>\n\t<meta property=\"og:image:width\" content=\"600\" \/>\n\t<meta property=\"og:image:height\" content=\"925\" \/>\n\t<meta property=\"og:image:type\" content=\"image\/jpeg\" \/>\n<meta name=\"twitter:card\" content=\"summary_large_image\" \/>\n<meta name=\"twitter:label1\" content=\"Dur\u00e9e de lecture estim\u00e9e\" \/>\n\t<meta name=\"twitter:data1\" content=\"1 minute\" \/>\n<script type=\"application\/ld+json\" class=\"yoast-schema-graph\">{\"@context\":\"https:\\\/\\\/schema.org\",\"@graph\":[{\"@type\":\"WebPage\",\"@id\":\"https:\\\/\\\/viguier.com\\\/fr\\\/actualites\\\/publications\\\/campus-sfr\\\/\",\"url\":\"https:\\\/\\\/viguier.com\\\/fr\\\/actualites\\\/publications\\\/campus-sfr\\\/\",\"name\":\"Campus SFR - VIGUIER\",\"isPartOf\":{\"@id\":\"https:\\\/\\\/viguier.com\\\/fr\\\/#website\"},\"primaryImageOfPage\":{\"@id\":\"https:\\\/\\\/viguier.com\\\/fr\\\/actualites\\\/publications\\\/campus-sfr\\\/#primaryimage\"},\"image\":{\"@id\":\"https:\\\/\\\/viguier.com\\\/fr\\\/actualites\\\/publications\\\/campus-sfr\\\/#primaryimage\"},\"thumbnailUrl\":\"https:\\\/\\\/viguier.com\\\/wp-content\\\/uploads\\\/2024\\\/02\\\/viguier_publication4.jpg\",\"datePublished\":\"2024-02-25T23:38:51+00:00\",\"dateModified\":\"2024-02-25T23:43:19+00:00\",\"breadcrumb\":{\"@id\":\"https:\\\/\\\/viguier.com\\\/fr\\\/actualites\\\/publications\\\/campus-sfr\\\/#breadcrumb\"},\"inLanguage\":\"fr-FR\",\"potentialAction\":[{\"@type\":\"ReadAction\",\"target\":[\"https:\\\/\\\/viguier.com\\\/fr\\\/actualites\\\/publications\\\/campus-sfr\\\/\"]}]},{\"@type\":\"ImageObject\",\"inLanguage\":\"fr-FR\",\"@id\":\"https:\\\/\\\/viguier.com\\\/fr\\\/actualites\\\/publications\\\/campus-sfr\\\/#primaryimage\",\"url\":\"https:\\\/\\\/viguier.com\\\/wp-content\\\/uploads\\\/2024\\\/02\\\/viguier_publication4.jpg\",\"contentUrl\":\"https:\\\/\\\/viguier.com\\\/wp-content\\\/uploads\\\/2024\\\/02\\\/viguier_publication4.jpg\",\"width\":600,\"height\":925,\"caption\":\"Campus SFR\"},{\"@type\":\"BreadcrumbList\",\"@id\":\"https:\\\/\\\/viguier.com\\\/fr\\\/actualites\\\/publications\\\/campus-sfr\\\/#breadcrumb\",\"itemListElement\":[{\"@type\":\"ListItem\",\"position\":1,\"name\":\"Accueil\",\"item\":\"https:\\\/\\\/viguier.com\\\/fr\\\/\"},{\"@type\":\"ListItem\",\"position\":2,\"name\":\"Campus SFR\"}]},{\"@type\":\"WebSite\",\"@id\":\"https:\\\/\\\/viguier.com\\\/fr\\\/#website\",\"url\":\"https:\\\/\\\/viguier.com\\\/fr\\\/\",\"name\":\"Viguier\",\"description\":\"Architecture, urbanisme, paysage\",\"alternateName\":\"Viguier\",\"potentialAction\":[{\"@type\":\"SearchAction\",\"target\":{\"@type\":\"EntryPoint\",\"urlTemplate\":\"https:\\\/\\\/viguier.com\\\/fr\\\/?s={search_term_string}\"},\"query-input\":{\"@type\":\"PropertyValueSpecification\",\"valueRequired\":true,\"valueName\":\"search_term_string\"}}],\"inLanguage\":\"fr-FR\"}]}<\/script>\n<!-- \/ Yoast SEO plugin. -->","yoast_head_json":{"title":"Campus SFR - VIGUIER","robots":{"index":"index","follow":"follow","max-snippet":"max-snippet:-1","max-image-preview":"max-image-preview:large","max-video-preview":"max-video-preview:-1"},"canonical":"https:\/\/viguier.com\/fr\/actualites\/publications\/campus-sfr\/","og_locale":"fr_FR","og_type":"article","og_title":"Campus SFR - VIGUIER","og_description":"Le groupe SFR s&rsquo;est lanc\u00e9 dans un projet ambitieux et prometteur en 2010: l&rsquo;\u00e9laboration d&rsquo;un nouveau campus pour la famille SFR qui ne cesse de s&rsquo;accro\u00eetre depuis la fusion des diff\u00e9rents sites. L&rsquo;entreprise a confi\u00e9 cette t\u00e2che \u00e0 l&rsquo;architecte reconnu Jean-Paul Viguier qui a con\u00e7u un v\u00e9ritable Yggdrasil pour les salari\u00e9s : cette infrastructure offre [&hellip;]","og_url":"https:\/\/viguier.com\/fr\/actualites\/publications\/campus-sfr\/","og_site_name":"VIGUIER","article_modified_time":"2024-02-25T23:43:19+00:00","og_image":[{"width":600,"height":925,"url":"https:\/\/viguier.com\/wp-content\/uploads\/2024\/02\/viguier_publication4.jpg","type":"image\/jpeg"}],"twitter_card":"summary_large_image","twitter_misc":{"Dur\u00e9e de lecture estim\u00e9e":"1 minute"},"schema":{"@context":"https:\/\/schema.org","@graph":[{"@type":"WebPage","@id":"https:\/\/viguier.com\/fr\/actualites\/publications\/campus-sfr\/","url":"https:\/\/viguier.com\/fr\/actualites\/publications\/campus-sfr\/","name":"Campus SFR - VIGUIER","isPartOf":{"@id":"https:\/\/viguier.com\/fr\/#website"},"primaryImageOfPage":{"@id":"https:\/\/viguier.com\/fr\/actualites\/publications\/campus-sfr\/#primaryimage"},"image":{"@id":"https:\/\/viguier.com\/fr\/actualites\/publications\/campus-sfr\/#primaryimage"},"thumbnailUrl":"https:\/\/viguier.com\/wp-content\/uploads\/2024\/02\/viguier_publication4.jpg","datePublished":"2024-02-25T23:38:51+00:00","dateModified":"2024-02-25T23:43:19+00:00","breadcrumb":{"@id":"https:\/\/viguier.com\/fr\/actualites\/publications\/campus-sfr\/#breadcrumb"},"inLanguage":"fr-FR","potentialAction":[{"@type":"ReadAction","target":["https:\/\/viguier.com\/fr\/actualites\/publications\/campus-sfr\/"]}]},{"@type":"ImageObject","inLanguage":"fr-FR","@id":"https:\/\/viguier.com\/fr\/actualites\/publications\/campus-sfr\/#primaryimage","url":"https:\/\/viguier.com\/wp-content\/uploads\/2024\/02\/viguier_publication4.jpg","contentUrl":"https:\/\/viguier.com\/wp-content\/uploads\/2024\/02\/viguier_publication4.jpg","width":600,"height":925,"caption":"Campus SFR"},{"@type":"BreadcrumbList","@id":"https:\/\/viguier.com\/fr\/actualites\/publications\/campus-sfr\/#breadcrumb","itemListElement":[{"@type":"ListItem","position":1,"name":"Accueil","item":"https:\/\/viguier.com\/fr\/"},{"@type":"ListItem","position":2,"name":"Campus SFR"}]},{"@type":"WebSite","@id":"https:\/\/viguier.com\/fr\/#website","url":"https:\/\/viguier.com\/fr\/","name":"Viguier","description":"Architecture, urbanisme, paysage","alternateName":"Viguier","potentialAction":[{"@type":"SearchAction","target":{"@type":"EntryPoint","urlTemplate":"https:\/\/viguier.com\/fr\/?s={search_term_string}"},"query-input":{"@type":"PropertyValueSpecification","valueRequired":true,"valueName":"search_term_string"}}],"inLanguage":"fr-FR"}]}},"_links":{"self":[{"href":"https:\/\/viguier.com\/fr\/wp-json\/wp\/v2\/publication\/722","targetHints":{"allow":["GET"]}}],"collection":[{"href":"https:\/\/viguier.com\/fr\/wp-json\/wp\/v2\/publication"}],"about":[{"href":"https:\/\/viguier.com\/fr\/wp-json\/wp\/v2\/types\/publication"}],"wp:featuredmedia":[{"embeddable":true,"href":"https:\/\/viguier.com\/fr\/wp-json\/wp\/v2\/media\/723"}],"wp:attachment":[{"href":"https:\/\/viguier.com\/fr\/wp-json\/wp\/v2\/media?parent=722"}],"curies":[{"name":"wp","href":"https:\/\/api.w.org\/{rel}","templated":true}]}}

<figure class="wp-block-image size-full"><img loading="lazy" decoding="async" width="600" height="925" src="https://viguier.cloud/wp-content/uploads/2024/02/viguier_publication4.jpg" alt="" class="wp-image-723" srcset="https://viguier.com/wp-content/uploads/2024/02/viguier_publication4.jpg 600w, https://viguier.com/wp-content/uploads/2024/02/viguier_publication4-584x900.jpg 584w" sizes="auto, (max-width: 600px) 100vw, 600px" /></figure>



<div style="height:30px" aria-hidden="true" class="wp-block-spacer"></div>



<p>Le groupe SFR s&rsquo;est lancé dans un projet ambitieux et prometteur en 2010: l&rsquo;élaboration d&rsquo;un nouveau campus pour la famille SFR qui ne cesse de s&rsquo;accroître depuis la fusion des différents sites. L&rsquo;entreprise a confié cette tâche à l&rsquo;architecte reconnu Jean-Paul Viguier qui a conçu un véritable Yggdrasil pour les salariés : cette infrastructure offre un cadre de vie édénique à ses employés sans tomber dans le luxe indécent.</p>



<p>Placé en plein centre du quartier Landy-France à Saint-Denis à proximité des autoroutes A1 et A86, et non loin de la gare, ce complexe procure une facilité d&rsquo;accès indéniable. Ce terrain d&rsquo;envergure cyclopéenne avec ses 4 hectares allie simplicité et modernité en gardant un aspect naturel et lumineux.</p>

<!-- This site is optimized with the Yoast SEO plugin v27.5 - https://yoast.com/product/yoast-seo-wordpress/ -->
<title>Campus SFR - VIGUIER</title>
<meta name="robots" content="index, follow, max-snippet:-1, max-image-preview:large, max-video-preview:-1" />
<link rel="canonical" href="https://viguier.com/fr/actualites/publications/campus-sfr/" />
<meta property="og:locale" content="fr_FR" />
<meta property="og:type" content="article" />
<meta property="og:title" content="Campus SFR - VIGUIER" />
<meta property="og:description" content="Le groupe SFR s&rsquo;est lancé dans un projet ambitieux et prometteur en 2010: l&rsquo;élaboration d&rsquo;un nouveau campus pour la famille SFR qui ne cesse de s&rsquo;accroître depuis la fusion des différents sites. L&rsquo;entreprise a confié cette tâche à l&rsquo;architecte reconnu Jean-Paul Viguier qui a conçu un véritable Yggdrasil pour les salariés : cette infrastructure offre [&hellip;]" />
<meta property="og:url" content="https://viguier.com/fr/actualites/publications/campus-sfr/" />
<meta property="og:site_name" content="VIGUIER" />
<meta property="article:modified_time" content="2024-02-25T23:43:19+00:00" />
<meta property="og:image" content="https://viguier.com/wp-content/uploads/2024/02/viguier_publication4.jpg" />
	<meta property="og:image:width" content="600" />
	<meta property="og:image:height" content="925" />
	<meta property="og:image:type" content="image/jpeg" />
<meta name="twitter:card" content="summary_large_image" />
<meta name="twitter:label1" content="Durée de lecture estimée" />
	<meta name="twitter:data1" content="1 minute" />
<script type="application/ld+json" class="yoast-schema-graph">{"@context":"https:\/\/schema.org","@graph":[{"@type":"WebPage","@id":"https:\/\/viguier.com\/fr\/actualites\/publications\/campus-sfr\/","url":"https:\/\/viguier.com\/fr\/actualites\/publications\/campus-sfr\/","name":"Campus SFR - VIGUIER","isPartOf":{"@id":"https:\/\/viguier.com\/fr\/#website"},"primaryImageOfPage":{"@id":"https:\/\/viguier.com\/fr\/actualites\/publications\/campus-sfr\/#primaryimage"},"image":{"@id":"https:\/\/viguier.com\/fr\/actualites\/publications\/campus-sfr\/#primaryimage"},"thumbnailUrl":"https:\/\/viguier.com\/wp-content\/uploads\/2024\/02\/viguier_publication4.jpg","datePublished":"2024-02-25T23:38:51+00:00","dateModified":"2024-02-25T23:43:19+00:00","breadcrumb":{"@id":"https:\/\/viguier.com\/fr\/actualites\/publications\/campus-sfr\/#breadcrumb"},"inLanguage":"fr-FR","potentialAction":[{"@type":"ReadAction","target":["https:\/\/viguier.com\/fr\/actualites\/publications\/campus-sfr\/"]}]},{"@type":"ImageObject","inLanguage":"fr-FR","@id":"https:\/\/viguier.com\/fr\/actualites\/publications\/campus-sfr\/#primaryimage","url":"https:\/\/viguier.com\/wp-content\/uploads\/2024\/02\/viguier_publication4.jpg","contentUrl":"https:\/\/viguier.com\/wp-content\/uploads\/2024\/02\/viguier_publication4.jpg","width":600,"height":925,"caption":"Campus SFR"},{"@type":"BreadcrumbList","@id":"https:\/\/viguier.com\/fr\/actualites\/publications\/campus-sfr\/#breadcrumb","itemListElement":[{"@type":"ListItem","position":1,"name":"Accueil","item":"https:\/\/viguier.com\/fr\/"},{"@type":"ListItem","position":2,"name":"Campus SFR"}]},{"@type":"WebSite","@id":"https:\/\/viguier.com\/fr\/#website","url":"https:\/\/viguier.com\/fr\/","name":"Viguier","description":"Architecture, urbanisme, paysage","alternateName":"Viguier","potentialAction":[{"@type":"SearchAction","target":{"@type":"EntryPoint","urlTemplate":"https:\/\/viguier.com\/fr\/?s={search_term_string}"},"query-input":{"@type":"PropertyValueSpecification","valueRequired":true,"valueName":"search_term_string"}}],"inLanguage":"fr-FR"}]}</script>
<!-- / Yoast SEO plugin. -->

Le groupe SFR s&rsquo;est lancé dans un projet ambitieux et prometteur en 2010: l&rsquo;élaboration d&rsquo;un nouveau campus pour la famille SFR qui ne cesse de s&rsquo;accroître depuis la fusion des différents sites. L&rsquo;entreprise a confié cette tâche à l&rsquo;architecte reconnu Jean-Paul Viguier qui a conçu un véritable Yggdrasil pour les salariés : cette infrastructure offre [&hellip;]
