{"id":754,"date":"2024-02-26T00:53:21","date_gmt":"2024-02-25T23:53:21","guid":{"rendered":"https:\/\/viguier.cloud\/?post_type=publication&#038;p=754"},"modified":"2024-02-26T00:53:31","modified_gmt":"2024-02-25T23:53:31","slug":"jean-paul-viguier-architecture-1992-2002","status":"publish","type":"publication","link":"https:\/\/viguier.com\/fr\/actualites\/publications\/jean-paul-viguier-architecture-1992-2002\/","title":{"rendered":"Jean-Paul Viguier: Architecture 1992\u20132002"},"content":{"rendered":"\n<figure class=\"wp-block-image size-large\"><img loading=\"lazy\" decoding=\"async\" width=\"814\" height=\"1200\" src=\"https:\/\/viguier.cloud\/wp-content\/uploads\/2024\/02\/viguier_publication11-814x1200.jpg\" alt=\"\" class=\"wp-image-755\" srcset=\"https:\/\/viguier.com\/wp-content\/uploads\/2024\/02\/viguier_publication11-814x1200.jpg 814w, https:\/\/viguier.com\/wp-content\/uploads\/2024\/02\/viguier_publication11-611x900.jpg 611w, https:\/\/viguier.com\/wp-content\/uploads\/2024\/02\/viguier_publication11-768x1132.jpg 768w, https:\/\/viguier.com\/wp-content\/uploads\/2024\/02\/viguier_publication11-1043x1536.jpg 1043w, https:\/\/viguier.com\/wp-content\/uploads\/2024\/02\/viguier_publication11.jpg 1200w\" sizes=\"auto, (max-width: 814px) 100vw, 814px\" \/><\/figure>\n\n\n\n<div style=\"height:30px\" aria-hidden=\"true\" class=\"wp-block-spacer\"><\/div>\n\n\n\n<p>Philip Jodidio, n\u00e9 dans le New Jersey en 1954, a \u00e9tudi\u00e9 l&rsquo;histoire de l&rsquo;art et l&rsquo;\u00e9conomie \u00e0 Harvard. R\u00e9dacteur en chef du magazine\u00a0<em>Connaissance des Arts<\/em>\u00a0depuis 1980, il a \u00e9crit un grand nombre de publications sur l&rsquo;architecture contemporaine dont cet ouvrage sur l&rsquo;architecte Jean-Paul Viguier.<\/p>\n","protected":false},"featured_media":755,"template":"","class_list":["post-754","publication","type-publication","status-publish","has-post-thumbnail","hentry"],"acf":[],"yoast_head":"<!-- This site is optimized with the Yoast SEO plugin v27.5 - https:\/\/yoast.com\/product\/yoast-seo-wordpress\/ -->\n<title>Jean-Paul Viguier: Architecture 1992\u20132002 - VIGUIER<\/title>\n<meta name=\"robots\" content=\"index, follow, max-snippet:-1, max-image-preview:large, max-video-preview:-1\" \/>\n<link rel=\"canonical\" href=\"https:\/\/viguier.com\/fr\/actualites\/publications\/jean-paul-viguier-architecture-1992-2002\/\" \/>\n<meta property=\"og:locale\" content=\"fr_FR\" \/>\n<meta property=\"og:type\" content=\"article\" \/>\n<meta property=\"og:title\" content=\"Jean-Paul Viguier: Architecture 1992\u20132002 - VIGUIER\" \/>\n<meta property=\"og:description\" content=\"Philip Jodidio, n\u00e9 dans le New Jersey en 1954, a \u00e9tudi\u00e9 l&rsquo;histoire de l&rsquo;art et l&rsquo;\u00e9conomie \u00e0 Harvard. R\u00e9dacteur en chef du magazine\u00a0Connaissance des Arts\u00a0depuis 1980, il a \u00e9crit un grand nombre de publications sur l&rsquo;architecture contemporaine dont cet ouvrage sur l&rsquo;architecte Jean-Paul Viguier.\" \/>\n<meta property=\"og:url\" content=\"https:\/\/viguier.com\/fr\/actualites\/publications\/jean-paul-viguier-architecture-1992-2002\/\" \/>\n<meta property=\"og:site_name\" content=\"VIGUIER\" \/>\n<meta property=\"article:modified_time\" content=\"2024-02-25T23:53:31+00:00\" \/>\n<meta property=\"og:image\" content=\"https:\/\/viguier.com\/wp-content\/uploads\/2024\/02\/viguier_publication11.jpg\" \/>\n\t<meta property=\"og:image:width\" content=\"1200\" \/>\n\t<meta property=\"og:image:height\" content=\"1768\" \/>\n\t<meta property=\"og:image:type\" content=\"image\/jpeg\" \/>\n<meta name=\"twitter:card\" content=\"summary_large_image\" \/>\n<script type=\"application\/ld+json\" class=\"yoast-schema-graph\">{\"@context\":\"https:\\\/\\\/schema.org\",\"@graph\":[{\"@type\":\"WebPage\",\"@id\":\"https:\\\/\\\/viguier.com\\\/fr\\\/actualites\\\/publications\\\/jean-paul-viguier-architecture-1992-2002\\\/\",\"url\":\"https:\\\/\\\/viguier.com\\\/fr\\\/actualites\\\/publications\\\/jean-paul-viguier-architecture-1992-2002\\\/\",\"name\":\"Jean-Paul Viguier: Architecture 1992\u20132002 - VIGUIER\",\"isPartOf\":{\"@id\":\"https:\\\/\\\/viguier.com\\\/fr\\\/#website\"},\"primaryImageOfPage\":{\"@id\":\"https:\\\/\\\/viguier.com\\\/fr\\\/actualites\\\/publications\\\/jean-paul-viguier-architecture-1992-2002\\\/#primaryimage\"},\"image\":{\"@id\":\"https:\\\/\\\/viguier.com\\\/fr\\\/actualites\\\/publications\\\/jean-paul-viguier-architecture-1992-2002\\\/#primaryimage\"},\"thumbnailUrl\":\"https:\\\/\\\/viguier.com\\\/wp-content\\\/uploads\\\/2024\\\/02\\\/viguier_publication11.jpg\",\"datePublished\":\"2024-02-25T23:53:21+00:00\",\"dateModified\":\"2024-02-25T23:53:31+00:00\",\"breadcrumb\":{\"@id\":\"https:\\\/\\\/viguier.com\\\/fr\\\/actualites\\\/publications\\\/jean-paul-viguier-architecture-1992-2002\\\/#breadcrumb\"},\"inLanguage\":\"fr-FR\",\"potentialAction\":[{\"@type\":\"ReadAction\",\"target\":[\"https:\\\/\\\/viguier.com\\\/fr\\\/actualites\\\/publications\\\/jean-paul-viguier-architecture-1992-2002\\\/\"]}]},{\"@type\":\"ImageObject\",\"inLanguage\":\"fr-FR\",\"@id\":\"https:\\\/\\\/viguier.com\\\/fr\\\/actualites\\\/publications\\\/jean-paul-viguier-architecture-1992-2002\\\/#primaryimage\",\"url\":\"https:\\\/\\\/viguier.com\\\/wp-content\\\/uploads\\\/2024\\\/02\\\/viguier_publication11.jpg\",\"contentUrl\":\"https:\\\/\\\/viguier.com\\\/wp-content\\\/uploads\\\/2024\\\/02\\\/viguier_publication11.jpg\",\"width\":1200,\"height\":1768},{\"@type\":\"BreadcrumbList\",\"@id\":\"https:\\\/\\\/viguier.com\\\/fr\\\/actualites\\\/publications\\\/jean-paul-viguier-architecture-1992-2002\\\/#breadcrumb\",\"itemListElement\":[{\"@type\":\"ListItem\",\"position\":1,\"name\":\"Accueil\",\"item\":\"https:\\\/\\\/viguier.com\\\/fr\\\/\"},{\"@type\":\"ListItem\",\"position\":2,\"name\":\"Jean-Paul Viguier: Architecture 1992\u20132002\"}]},{\"@type\":\"WebSite\",\"@id\":\"https:\\\/\\\/viguier.com\\\/fr\\\/#website\",\"url\":\"https:\\\/\\\/viguier.com\\\/fr\\\/\",\"name\":\"Viguier\",\"description\":\"Architecture, urbanisme, paysage\",\"alternateName\":\"Viguier\",\"potentialAction\":[{\"@type\":\"SearchAction\",\"target\":{\"@type\":\"EntryPoint\",\"urlTemplate\":\"https:\\\/\\\/viguier.com\\\/fr\\\/?s={search_term_string}\"},\"query-input\":{\"@type\":\"PropertyValueSpecification\",\"valueRequired\":true,\"valueName\":\"search_term_string\"}}],\"inLanguage\":\"fr-FR\"}]}<\/script>\n<!-- \/ Yoast SEO plugin. -->","yoast_head_json":{"title":"Jean-Paul Viguier: Architecture 1992\u20132002 - VIGUIER","robots":{"index":"index","follow":"follow","max-snippet":"max-snippet:-1","max-image-preview":"max-image-preview:large","max-video-preview":"max-video-preview:-1"},"canonical":"https:\/\/viguier.com\/fr\/actualites\/publications\/jean-paul-viguier-architecture-1992-2002\/","og_locale":"fr_FR","og_type":"article","og_title":"Jean-Paul Viguier: Architecture 1992\u20132002 - VIGUIER","og_description":"Philip Jodidio, n\u00e9 dans le New Jersey en 1954, a \u00e9tudi\u00e9 l&rsquo;histoire de l&rsquo;art et l&rsquo;\u00e9conomie \u00e0 Harvard. R\u00e9dacteur en chef du magazine\u00a0Connaissance des Arts\u00a0depuis 1980, il a \u00e9crit un grand nombre de publications sur l&rsquo;architecture contemporaine dont cet ouvrage sur l&rsquo;architecte Jean-Paul Viguier.","og_url":"https:\/\/viguier.com\/fr\/actualites\/publications\/jean-paul-viguier-architecture-1992-2002\/","og_site_name":"VIGUIER","article_modified_time":"2024-02-25T23:53:31+00:00","og_image":[{"width":1200,"height":1768,"url":"https:\/\/viguier.com\/wp-content\/uploads\/2024\/02\/viguier_publication11.jpg","type":"image\/jpeg"}],"twitter_card":"summary_large_image","schema":{"@context":"https:\/\/schema.org","@graph":[{"@type":"WebPage","@id":"https:\/\/viguier.com\/fr\/actualites\/publications\/jean-paul-viguier-architecture-1992-2002\/","url":"https:\/\/viguier.com\/fr\/actualites\/publications\/jean-paul-viguier-architecture-1992-2002\/","name":"Jean-Paul Viguier: Architecture 1992\u20132002 - VIGUIER","isPartOf":{"@id":"https:\/\/viguier.com\/fr\/#website"},"primaryImageOfPage":{"@id":"https:\/\/viguier.com\/fr\/actualites\/publications\/jean-paul-viguier-architecture-1992-2002\/#primaryimage"},"image":{"@id":"https:\/\/viguier.com\/fr\/actualites\/publications\/jean-paul-viguier-architecture-1992-2002\/#primaryimage"},"thumbnailUrl":"https:\/\/viguier.com\/wp-content\/uploads\/2024\/02\/viguier_publication11.jpg","datePublished":"2024-02-25T23:53:21+00:00","dateModified":"2024-02-25T23:53:31+00:00","breadcrumb":{"@id":"https:\/\/viguier.com\/fr\/actualites\/publications\/jean-paul-viguier-architecture-1992-2002\/#breadcrumb"},"inLanguage":"fr-FR","potentialAction":[{"@type":"ReadAction","target":["https:\/\/viguier.com\/fr\/actualites\/publications\/jean-paul-viguier-architecture-1992-2002\/"]}]},{"@type":"ImageObject","inLanguage":"fr-FR","@id":"https:\/\/viguier.com\/fr\/actualites\/publications\/jean-paul-viguier-architecture-1992-2002\/#primaryimage","url":"https:\/\/viguier.com\/wp-content\/uploads\/2024\/02\/viguier_publication11.jpg","contentUrl":"https:\/\/viguier.com\/wp-content\/uploads\/2024\/02\/viguier_publication11.jpg","width":1200,"height":1768},{"@type":"BreadcrumbList","@id":"https:\/\/viguier.com\/fr\/actualites\/publications\/jean-paul-viguier-architecture-1992-2002\/#breadcrumb","itemListElement":[{"@type":"ListItem","position":1,"name":"Accueil","item":"https:\/\/viguier.com\/fr\/"},{"@type":"ListItem","position":2,"name":"Jean-Paul Viguier: Architecture 1992\u20132002"}]},{"@type":"WebSite","@id":"https:\/\/viguier.com\/fr\/#website","url":"https:\/\/viguier.com\/fr\/","name":"Viguier","description":"Architecture, urbanisme, paysage","alternateName":"Viguier","potentialAction":[{"@type":"SearchAction","target":{"@type":"EntryPoint","urlTemplate":"https:\/\/viguier.com\/fr\/?s={search_term_string}"},"query-input":{"@type":"PropertyValueSpecification","valueRequired":true,"valueName":"search_term_string"}}],"inLanguage":"fr-FR"}]}},"_links":{"self":[{"href":"https:\/\/viguier.com\/fr\/wp-json\/wp\/v2\/publication\/754","targetHints":{"allow":["GET"]}}],"collection":[{"href":"https:\/\/viguier.com\/fr\/wp-json\/wp\/v2\/publication"}],"about":[{"href":"https:\/\/viguier.com\/fr\/wp-json\/wp\/v2\/types\/publication"}],"wp:featuredmedia":[{"embeddable":true,"href":"https:\/\/viguier.com\/fr\/wp-json\/wp\/v2\/media\/755"}],"wp:attachment":[{"href":"https:\/\/viguier.com\/fr\/wp-json\/wp\/v2\/media?parent=754"}],"curies":[{"name":"wp","href":"https:\/\/api.w.org\/{rel}","templated":true}]}}

<figure class="wp-block-image size-large"><img loading="lazy" decoding="async" width="814" height="1200" src="https://viguier.cloud/wp-content/uploads/2024/02/viguier_publication11-814x1200.jpg" alt="" class="wp-image-755" srcset="https://viguier.com/wp-content/uploads/2024/02/viguier_publication11-814x1200.jpg 814w, https://viguier.com/wp-content/uploads/2024/02/viguier_publication11-611x900.jpg 611w, https://viguier.com/wp-content/uploads/2024/02/viguier_publication11-768x1132.jpg 768w, https://viguier.com/wp-content/uploads/2024/02/viguier_publication11-1043x1536.jpg 1043w, https://viguier.com/wp-content/uploads/2024/02/viguier_publication11.jpg 1200w" sizes="auto, (max-width: 814px) 100vw, 814px" /></figure>



<div style="height:30px" aria-hidden="true" class="wp-block-spacer"></div>



<p>Philip Jodidio, né dans le New Jersey en 1954, a étudié l&rsquo;histoire de l&rsquo;art et l&rsquo;économie à Harvard. Rédacteur en chef du magazine <em>Connaissance des Arts</em> depuis 1980, il a écrit un grand nombre de publications sur l&rsquo;architecture contemporaine dont cet ouvrage sur l&rsquo;architecte Jean-Paul Viguier.</p>

<!-- This site is optimized with the Yoast SEO plugin v27.5 - https://yoast.com/product/yoast-seo-wordpress/ -->
<title>Jean-Paul Viguier: Architecture 1992–2002 - VIGUIER</title>
<meta name="robots" content="index, follow, max-snippet:-1, max-image-preview:large, max-video-preview:-1" />
<link rel="canonical" href="https://viguier.com/fr/actualites/publications/jean-paul-viguier-architecture-1992-2002/" />
<meta property="og:locale" content="fr_FR" />
<meta property="og:type" content="article" />
<meta property="og:title" content="Jean-Paul Viguier: Architecture 1992–2002 - VIGUIER" />
<meta property="og:description" content="Philip Jodidio, né dans le New Jersey en 1954, a étudié l&rsquo;histoire de l&rsquo;art et l&rsquo;économie à Harvard. Rédacteur en chef du magazine Connaissance des Arts depuis 1980, il a écrit un grand nombre de publications sur l&rsquo;architecture contemporaine dont cet ouvrage sur l&rsquo;architecte Jean-Paul Viguier." />
<meta property="og:url" content="https://viguier.com/fr/actualites/publications/jean-paul-viguier-architecture-1992-2002/" />
<meta property="og:site_name" content="VIGUIER" />
<meta property="article:modified_time" content="2024-02-25T23:53:31+00:00" />
<meta property="og:image" content="https://viguier.com/wp-content/uploads/2024/02/viguier_publication11.jpg" />
	<meta property="og:image:width" content="1200" />
	<meta property="og:image:height" content="1768" />
	<meta property="og:image:type" content="image/jpeg" />
<meta name="twitter:card" content="summary_large_image" />
<script type="application/ld+json" class="yoast-schema-graph">{"@context":"https:\/\/schema.org","@graph":[{"@type":"WebPage","@id":"https:\/\/viguier.com\/fr\/actualites\/publications\/jean-paul-viguier-architecture-1992-2002\/","url":"https:\/\/viguier.com\/fr\/actualites\/publications\/jean-paul-viguier-architecture-1992-2002\/","name":"Jean-Paul Viguier: Architecture 1992–2002 - VIGUIER","isPartOf":{"@id":"https:\/\/viguier.com\/fr\/#website"},"primaryImageOfPage":{"@id":"https:\/\/viguier.com\/fr\/actualites\/publications\/jean-paul-viguier-architecture-1992-2002\/#primaryimage"},"image":{"@id":"https:\/\/viguier.com\/fr\/actualites\/publications\/jean-paul-viguier-architecture-1992-2002\/#primaryimage"},"thumbnailUrl":"https:\/\/viguier.com\/wp-content\/uploads\/2024\/02\/viguier_publication11.jpg","datePublished":"2024-02-25T23:53:21+00:00","dateModified":"2024-02-25T23:53:31+00:00","breadcrumb":{"@id":"https:\/\/viguier.com\/fr\/actualites\/publications\/jean-paul-viguier-architecture-1992-2002\/#breadcrumb"},"inLanguage":"fr-FR","potentialAction":[{"@type":"ReadAction","target":["https:\/\/viguier.com\/fr\/actualites\/publications\/jean-paul-viguier-architecture-1992-2002\/"]}]},{"@type":"ImageObject","inLanguage":"fr-FR","@id":"https:\/\/viguier.com\/fr\/actualites\/publications\/jean-paul-viguier-architecture-1992-2002\/#primaryimage","url":"https:\/\/viguier.com\/wp-content\/uploads\/2024\/02\/viguier_publication11.jpg","contentUrl":"https:\/\/viguier.com\/wp-content\/uploads\/2024\/02\/viguier_publication11.jpg","width":1200,"height":1768},{"@type":"BreadcrumbList","@id":"https:\/\/viguier.com\/fr\/actualites\/publications\/jean-paul-viguier-architecture-1992-2002\/#breadcrumb","itemListElement":[{"@type":"ListItem","position":1,"name":"Accueil","item":"https:\/\/viguier.com\/fr\/"},{"@type":"ListItem","position":2,"name":"Jean-Paul Viguier: Architecture 1992–2002"}]},{"@type":"WebSite","@id":"https:\/\/viguier.com\/fr\/#website","url":"https:\/\/viguier.com\/fr\/","name":"Viguier","description":"Architecture, urbanisme, paysage","alternateName":"Viguier","potentialAction":[{"@type":"SearchAction","target":{"@type":"EntryPoint","urlTemplate":"https:\/\/viguier.com\/fr\/?s={search_term_string}"},"query-input":{"@type":"PropertyValueSpecification","valueRequired":true,"valueName":"search_term_string"}}],"inLanguage":"fr-FR"}]}</script>
<!-- / Yoast SEO plugin. -->

Philip Jodidio, né dans le New Jersey en 1954, a étudié l&rsquo;histoire de l&rsquo;art et l&rsquo;économie à Harvard. Rédacteur en chef du magazine Connaissance des Arts depuis 1980, il a écrit un grand nombre de publications sur l&rsquo;architecture contemporaine dont cet ouvrage sur l&rsquo;architecte Jean-Paul Viguier.
